s the remainder when 194 is divided by 22?
18
What is the remainder when 1204 is divided by 130?
34
What is the remainder when 131 is divided by 59?
13
Calculate the remainder when 3721 is divided by 25.
21
What is the remainder when 1583 is divided by 61?
58
Calculate the remainder when 92 is divided by 48.
44
What is the remainder when 195 is divided by 14?
13
What is the remainder when 75 is divided by 63?
12
Calculate the remainder when 68 is divided by 41.
27
Calculate the remainder when 1031 is divided by 45.
41
What is the remainder when 2917 is divided by 127?
123
Calculate the remainder when 32378 is divided by 10.
8
Calculate the remainder when 549 is divided by 56.
45
What is the remainder when 133 is divided by 41?
10
What is the remainder when 853 is divided by 66?
61
What is the remainder when 613 is divided by 22?
19
Calculate the remainder when 1328 is divided by 37.
33
Calculate the remainder when 30 is divided by 11.
8
What is the remainder when 10441 is divided by 3476?
13
Calculate the remainder when 69 is divided by 26.
17
Calculate the remainder when 25 is divided by 21.
4
Calculate the remainder when 598 is divided by 68.
54
Calculate the remainder when 75 is divided by 11.
9
Calculate the remainder when 34 is divided by 23.
11
What is the remainder when 25 is divided by 9?
7
What is the remainder when 73 is divided by 10?
3
What is the remainder when 3992 is divided by 33?
32
Calculate the remainder when 949 is divided by 18.
13
What is the remainder when 154 is divided by 135?
19
Calculate the remainder when 539 is divided by 36.
35
What is the remainder when 1955 is divided by 973?
9
Calculate the remainder when 116 is divided by 45.
26
Calculate the remainder when 387 is divided by 227.
160
Calculate the remainder when 217 is divided by 44.
41
Calculate the remainder when 353 is divided by 55.
23
Calculate the remainder when 144 is divided by 21.
18
What is the remainder when 884 is divided by 19?
10
What is the remainder when 400 is divided by 31?
28
What is the remainder when 14108 is divided by 32?
28
What is the remainder when 12629 is divided by 4207?
8
What is the remainder when 120 is divided by 11?
10
What is the remainder when 27 is divided by 10?
7
Calculate the remainder when 5030 is divided by 7.
4
Calculate the remainder when 1771 is divided by 74.
69
Calculate the remainder when 269 is divided by 18.
17
Calculate the remainder when 63 is divided by 47.
16
What is the remainder when 485 is divided by 15?
5
Calculate the remainder when 1955 is divided by 123.
110
What is the remainder when 107 is divided by 12?
11
What is the remainder when 4109 is divided by 62?
17
What is the remainder when 140 is divided by 43?
11
Calculate the remainder when 922 is divided by 71.
70
What is the remainder when 106 is divided by 28?
22
What is the remainder when 57 is divided by 24?
9
Calculate the remainder when 32002 is divided by 18.
16
What is the remainder when 12771 is divided by 53?
51
What is the remainder when 6147 is divided by 106?
105
What is the remainder when 2974 is divided by 85?
84
Calculate the remainder when 193 is divided by 55.
28
Calculate the remainder when 135 is divided by 24.
15
Calculate the remainder when 165 is divided by 163.
2
Calculate the remainder when 80 is divided by 30.
20
Calculate the remainder when 3519 is divided by 44.
43
What is the remainder when 989 is divided by 82?
5
What is the remainder when 632 is divided by 20?
12
What is the remainder when 193 is divided by 120?
73
Calculate the remainder when 108065 is divided by 186.
185
Calculate the remainder when 477 is divided by 20.
17
What is the remainder when 336 is divided by 101?
33
Calculate the remainder when 1349 is divided by 197.
167
Calculate the remainder when 87 is divided by 9.
6
Calculate the remainder when 476 is divided by 227.
22
What is the remainder when 439 is divided by 64?
55
What is the remainder when 74 is divided by 4?
2
Calculate the remainder when 29 is divided by 4.
1
Calculate the remainder when 13689 is divided by 326.
323
What is the remainder when 3762 is divided by 5?
2
Calculate the remainder when 779 is divided by 50.
29
What is the remainder when 1375 is divided by 23?
18
Calculate the remainder when 333 is divided by 210.
123
What is the remainder when 928 is divided by 225?
28
What is the remainder when 34 is divided by 8?
2
What is the remainder when 2472 is divided by 166?
148
Calculate the remainder when 13031 is divided by 9.
8
Calculate the remainder when 734 is divided by 49.
48
Calculate the remainder when 52 is divided by 6.
4
Calculate the remainder when 459 is divided by 116.
111
Calculate the remainder when 2239 is divided by 64.
63
What is the remainder when 104 is divided by 18?
14
Calculate the remainder when 132 is divided by 32.
4
Calculate the remainder when 822 is divided by 14.
10
What is the remainder when 134 is divided by 42?
8
What is the remainder when 398 is divided by 63?
20
Calculate the remainder when 32 is divided by 20.
12
What is the remainder when 3679 is divided by 160?
159
What is the remainder when 60 is divided by 16?
12
What is the remainder when 717 is divided by 45?
42
What is the remainder when 300 is divided by 101?
98
Calculate the remainder when 254 is divided by 67.
53
Calculate the remainder when 1780 is divided by 128.
116
What is the remainder when 463 is divided by 67?
61
What is the remainder when 3430 is divided by 39?
37
What is the remainder when 501 is divided by 24?
21
What is the remainder when 1393 is divided by 1389?
4
What is the remainder when 628 is divided by 621?
7
What is the remainder when 10330 is divided by 42?
40
Calculate the remainder when 1703 is divided by 1665.
38
Calculate the remainder when 14 is divided by 3.
2
What is the remainder when 811 is divided by 402?
7
Calculate the remainder when 426 is divided by 11.
8
Calculate the remainder when 251 is divided by 11.
9
What is the remainder when 317 is divided by 10?
7
Calculate the remainder when 5823 is divided by 3.
0
Calculate the remainder when 189 is divided by 32.
29
What is the remainder when 316 is divided by 64?
60
What is the remainder when 316 is divided by 122?
72
What is the remainder when 494 is divided by 7?
4
Calculate the remainder when 13228 is divided by 18.
16
Calculate the remainder when 14428 is divided by 6.
4
Calculate the remainder when 1552 is divided by 42.
40
What is the remainder when 174 is divided by 51?
21
Calculate the remainder when 57131 is divided by 19.
17
Calculate the remainder when 2546 is divided by 85.
81
What is the remainder when 772 is divided by 20?
12
Calculate the remainder when 358 is divided by 356.
2
What is the remainder when 107 is divided by 16?
11
What is the remainder when 685 is divided by 31?
3
Calculate the remainder when 656 is divided by 14.
12
What is the remainder when 1437 is divided by 120?
117
What is the remainder when 396 is divided by 29?
19
What is the remainder when 162 is divided by 43?
33
Calculate the remainder when 118 is divided by 96.
22
Calculate the remainder when 2663 is divided by 222.
221
What is the remainder when 34 is divided by 13?
8
Calculate the remainder when 13950 is divided by 8.
6
What is the remainder when 416 is divided by 59?
3
What is the remainder when 516 is divided by 133?
117
What is the remainder when 155 is divided by 51?
2
Calculate the remainder when 115 is divided by 73.
42
Calculate the remainder when 487 is divided by 105.
67
What is the remainder when 1388 is divided by 20?
8
Calculate the remainder when 355 is divided by 218.
137
What is the remainder when 5652 is divided by 56?
52
Calculate the remainder when 737 is divided by 19.
15
Calculate the remainder when 389 is divided by 13.
12
What is the remainder when 3889 is divided by 126?
109
What is the remainder when 16677 is divided by 4?
1
What is the remainder when 509 is divided by 73?
71
What is the remainder when 599 is divided by 174?
77
What is the remainder when 77 is divided by 34?
9
Calculate the remainder when 687 is divided by 290.
107
Calculate the remainder when 9287 is divided by 163.
159
What is the remainder when 250 is divided by 36?
34
Calculate the remainder when 107 is divided by 16.
